h - 71546. Give t(-16).
-10
Let u(j) = -6*j**2 + 26*j + 41. What is u(5)?
21
Let y(c) = c**3 - 7*c**2 + 15*c - 6. Calculate y(4).
6
Let y(r) = r**3 + 20*r**2 - 36*r + 23. Give y(-20).
743
Let g(p) = 1513*p - 1501. Calculate g(1).
12
Let o(c) = -3*c**3 + 14*c**2 - 31*c + 182. Determine o(5).
2
Let h(b) = -b**2 + 98*b - 1650. Calculate h(81).
-273
Let n(c) = 15*c + 5. Determine n(-13).
-190
Let s(u) = 1590*u - 37. What is s(0)?
-37
Let t(i) = 49*i - 593. Give t(12).
-5
Let w(r) = -2*r**3 + 7*r**2 + r - 7. What is w(4)?
-19
Let a(t) = 193*t + 291. Give a(-3).
-288
Let m(c) = 67*c - 292. Determine m(8).
244
Let s(v) = -v**2 + 3*v + 66. Give s(-12).
-114
Let x(a) = a**3 - 25*a**2 + 79*a + 106. What is x(21)?
1
Let k(z) = -z**2 - 85*z - 1248. What is k(-63)?
138
Let c(y) = -161*y + 455. Calculate c(3).
-28
Let b(c) = -c**3 + 10*c**2 + 137*c - 67. Determine b(18).
-193
Let o(t) = -t**3 + 29*t**2 - 132*t + 4. Calculate o(13).
992
Let g(i) = i**2 + 205*i - 2604. Calculate g(12).
0
Let u(n) = -n**3 + 5*n**2 + 106*n - 641. What is u(6)?
-41
Let k(q) = -30*q + 1. Determine k(0).
1
Let p(z) = 11*z**2 + 121*z + 170. Calculate p(-8).
-94
Let a(r) = -11*r**2 + 305*r + 83. What is a(28)?
-1
Let r(x) = x**3 - 62*x**2 - 119*x - 576. Determine r(64).
0
Let w(j) = j**2 + 63*j + 940. Give w(-24).
4
Let l(v) = -4*v**2 + 5*v + 2. Determine l(7).
-159
Let w(j) = 19*j - 571. Determine w(29).
-20
Let m(r) = r**3 + 32*r**2 + 44*r - 220. Give m(-30).
260
Let x(f) = -f**3 + 5*f**2 + 21*f + 35. Calculate x(10).
-255
Let j(p) = -176*p - 308. What is j(-2)?
44
Let d(y) = 10*y + 40. Determine d(-2).
20
Let y(g) = -g**2 - 16*g - 62. What is y(-7)?
1
Let w(v) = -v**3 + 22*v**2 + 967*v - 15. Determine w(-22).
7
Let w(q) = -15*q - 365. What is w(-26)?
25
Let b(j) = -42*j**2 + 296*j - 20. What is b(7)?
-6
Let b(u) = 28*u**2 + 117*u - 8. Calculate b(-5).
107
Let h(w) = -99*w - 3742. Give h(-38).
20
Let i(j) = -14*j**2 + 100*j + 16. Give i(7).
30
Let o(c) = 2*c**3 - 148*c**2 - 1135*c + 76. What is o(81)?
-5
Let a(q) = -3*q**3 - 76*q**2 + 56*q + 81. Determine a(-26).
-23
Let w(g) = -552*g - 52435. What is w(-95)?
5
Let q(r) = -2*r**2 - 13*r - 24. Give q(-9).
-69
Let j(h) = -205*h**3 - 2*h**2 - h + 2. Give j(1).
-206
Let w(c) = -4*c**2 - 19*c - 218. What is w(-9)?
-371
Let a(f) = -13*f - 51. Determine a(-7).
40
Let p(l) = l**3 - 22*l**2 - 9*l + 481. Calculate p(22).
283
Let p(m) = 5*m**3 + 14*m**2 + 114*m + 355. What is p(-3)?
4
Let x(z) = -35*z - 3410. What is x(-100)?
90
Let h(a) = -645*a + 1904. Determine h(3).
-31
Let b(f) = -39*f - 1451. Determine b(-33).
-164
Let j(d) = -d**2 - 865*d + 24085. Determine j(27).
1
Let k(q) = 215*q + 1237. Calculate k(-6).
-53
Let l(w) = -12*w**2 + 12*w - 41. What is l(3)?
-113
Let p(m) = 194*m**2 - 600*m - 7. What is p(3)?
-61
Let y(f) = -2*f**2 - 242*f + 1800. Give y(-128).
8
Let s(z) = 121*z - 133. Determine s(1).
-12
Let t(k) = 41*k - 378. Calculate t(9).
-9
Let y(j) = j**2 - 39*j + 21. What is y(38)?
-17
Let h(w) = w**2 - 22*w + 7. Give h(19).
-50
Let a(w) = -w**2 - 26*w + 479. Give a(12).
23
Let w(m) = -25*m - 109. Give w(-8).
91
Let c(n) = 367*n + 3302. Calculate c(-9).
-1
Let r(u) = 2*u**3 - u**2 - 13*u - 9. Determine r(-4).
-101
Let i(g) = 7*g**2 - 21*g - 37. Calculate i(-2).
33
Let h(r) = r**3 + 22*r**2 - 780*r + 84. What is h(-41)?
125
Let d(b) = -4*b**3 - 5*b**2 + 145*b - 99. What is d(5)?
1
Let m(r) = -62*r - 1943. What is m(-31)?
-21
Let r(z) = 2*z**2 + 77*z + 353. Calculate r(-33).
-10
Let a(j) = -50*j - 738. What is a(-15)?
12
Let t(q) = q**3 + 8*q**2 - 160*q - 704. What is t(-4)?
0
Let y(l) = 128*l - 1259. What is y(10)?
21
Let z(h) = h**3 - 183*h**2 + 4952*h - 63. Give z(33).
3
Let u(r) = 161*r + 1633. What is u(-10)?
23
Let p(v) = -10*v + 1365. Determine p(138).
-15
Let z(j) = 6*j**2 - 18*j - 121. What is z(-4)?
47
Let s(l) = -6*l**3 - 2*l**2 + 90*l - 179. Give s(2).
-55
Let u(p) = -2*p**3 - 15*p + 6. Determine u(0).
6
Let z(m) = 111*m. What is z(4)?
444
Let c(k) = 11*k + 210. Determine c(-30).
-120
Let t(j) = -2511*j + 5022. Calculate t(2).
0
Let b(d) = d**2 - 45*d - 1145. Determine b(62).
-91
Let k(u) = 4*u**2 - 9*u - 6. Determine k(5).
49
Let a(m) = -3*m**2 - 4*m + 85. Give a(-12).
-299
Let r(k) = -k**3 - 10*k**2 - 17*k - 16. What is r(-8)?
-8
Let x(l) = -31*l**2 + 97*l - 28. Determine x(3).
-16
Let i(d) = -36*d**2 - 1315*d - 693. Give i(-36).
-9
Let n(x) = x**2 - 157*x + 4606. What is n(118)?
4
Let c(l) = -l**2 - 64*l + 575. Calculate c(-72).
-1
Let h(c) = -283*c + 2856. Calculate h(10).
26
Let z(l) = -l**2 + 11*l + 61. What is z(-3)?
19
Let d(c) = -731*c**2 - 70*c - 72. Calculate d(-1).
-733
Let o(m) = m**2 + 18*m + 82. Calculate o(-8).
2
Let h(d) = -68*d - 7955. Determine h(-117).
1
Let z(g) = -g**3 - 165*g**2 - 797*g + 11. Calculate z(-5).
-4
Let k(g) = -4*g**3 - g**2 - 4*g - 3. What is k(-1)?
4
Let o(z) = 21*z**2 - 17*z + 6. Give o(-4).
410
Let v(q) = -779*q + 62. Determine v(0).
62
Let z(u) = 21*u + 24. Give z(-5).
-81
Let p(o) = -12*o**3 - 5*o**2 - 33*o + 105. Determine p(3).
-363
Let k(p) = 86*p**2 + 16*p + 69. Give k(-3).
795
Let v(b) = b**2 - 3*b - 37. What is v(-21)?
467
Let s(g) = g**3 - 19*g**2 - 25*g + 70. Give s(20).
-30
Let b(n) = 55*n + 10939. What is b(-199)?
-6
Let f(s) = 3*s**2 - 404*s + 2412. What is f(6)?
96
Let t(b) = -b**2 - 383*b - 3007. Give t(-8).
-7
Let c(i) = -i**3 - i**2 + 5*i + 154. Give c(0).
154
Let p(r) = -26*r + 1504. Give p(59).
-30
Let y(r) = -249*r - 1487. What is y(-6)?
7
Let j(c) = c**3 - 19*c**2 - 22*c + 46. What is j(20)?
6
Let k(g) = -g**3 + 15*g**2 - 52*g - 9. Give k(9).
9
Let n(y) = -64*y + 2944. Calculate n(46).
0
Let t(j) = 2*j**3 - 12*j**2 - 13*j + 13. Give t(7).
20
Let t(j) = -2*j**2 + 83*j + 525. What is t(47)?
8
Let j(q) = -10*q + 175. Calculate j(10).
75
Let k(n) = -12*n - 56. What is k(-12)?
88
Let h(p) = 5*p**3 - 159*p**2 - 34*p + 40. Determine h(32).
-24
Let t(w) = 3*w**2 - 12*w - 159. Determine t(-6).
21
Let j(y) = -110*y + 105. Determine j(1).
-5
Let y(o) = -o**2 + 159*o + 1685. What is y(-10)?
-5
Let u(i) = -2*i**3 + 11*i**2 - 8*i + 17. What is u(5)?
2
Let l(n) = -246*n**2 + 979*n + 11. Determine l(4).
-9
Let j(w) = -w**3 + 6*w**2 - 14. What is j(4)?
18
Let r(x) = 2*x**3 - 34*x**2 - 96*x - 125. Give r(20).
355
Let c(n) = 3*n**3 + 22*n**2 - 33*n - 171. What is c(-8)?
-35
Let y(m) = 17*m - 406. Calculate y(29).
87
Let v(k) = -k**2 - 83*k - 1484. Determine v(-26).
-2
Let n(x) = -3*x**2 + 172*x - 28. Calculate n(57).
29
Let n(s) = 28*s + 81. Give n(5).
221
Let f(k) = 40*k + 170. What is f(-4)?
10
Let i(q) = q**2 - 270*q - 821. Calculate i(-3).
-2
Let r(o) = o**2 - 11*o + 86. Calculate r(-17).
562
Let x(o) = 36*o**2 - 459*o - 34. Give x(14).
596
Let p(d) = -d**3 + 8*d**2 - 14*d + 127. Calculate p(8).
15
Let r(j) = -39*j + 4045. Give r(104).
-11
Let g(a) = 2*a**3 - 44*a**2 - 145*a - 35. Determine g(25).
90
Let t(y) = 122*y + 944. Calculate t(-7).
90
Let q(h) = h**3 - 10*h**2 - 73*h + 5. Give q(-5).
-5
Let p(u) = 6*u**3 + 123*u**2 - 51*u + 238. Determine p(-21).
-14
Let v(o) = -o**2 - 40*o - 308. Give v(-30).
-8
Let x(y) = y**3 + 15*y**2 + 23*y + 85. What is x(-14)?
-41
Let k(l) = -l**2 - 214*l - 6744. What is k(-38)?
-56
Let u(o) = 230*o**3 + 2*o**2 + 3*o + 1. Calculate u(-1).
-230
Let f(r) = 556*r + 18344. Calculate f(-33).
-4
Let v(g) = -g**3 - 52*g**2 + 5. Give v(-52).
5
Let v(c) = -c**3 + 8*c**2 + 72*c - 55. Calculate v(13).
36
Let c(j) = -13*j + 598. What is c(45)?
13
Let g(u) = -10*u**2 - 658*u - 507. What is g(-65)?
13
Let c(u) = u**2 + 8*u + 13. Determine c(-6).
1
Let f(m) = -176*m - 1624. Give f(-9).
-40
Let d(b) = 8*b**2 - b + 41. Calculate d(-5).
246
Let r(n) = n**3 - 45*n**2 - 6*n + 2. Determine r(45).
-268
Let j(w) = -w**2 - 93*w - 2121. Determine j(-40).
-1
Let w(v) = -v**3 + 6*v**2 + 8*v - 15. Determine w(6).
33
Let n(r) = 70*r**2 + 5*r - 3. What is n(1)?
72
Let t(o) = -o**3 + 41*o**2 - 210*o - 11. Give t(35).
-11
Let t(x) = x**3 - 10*x**2 + 31*x - 171. Determine t(6).
-129
Let q(s) = -5*s**2 - 233*s + 675. What is q(-49)?
87
Let v(f) = 2*f**3 - 7*f**2 - f - 27. Determine v(0).
-27
Let h(i) = -i**3 - 9*i**2 - 30*i + 100. Determine h(2).
-4
Let l(j) = 3*j**2 - 231*j - 1460. Give l(-6).
34
Let x(q) = 4*q**2 + 77*q - 70. What is x(-21)?
77
Let t(y) = -117*y - 1